{"id":2409,"date":"2025-11-10T16:43:15","date_gmt":"2025-11-10T14:43:15","guid":{"rendered":"https:\/\/pit.primah.org\/?page_id=2409"},"modified":"2025-12-03T16:14:13","modified_gmt":"2025-12-03T14:14:13","slug":"23a-creeren-met-digitale-technologie","status":"publish","type":"page","link":"https:\/\/pit.primah.org\/?page_id=2409","title":{"rendered":"23A Cre\u00ebren met digitale technologie"},"content":{"rendered":"\t\t<div data-elementor-type=\"wp-page\" data-elementor-id=\"2409\" class=\"elementor elementor-2409\">\n\t\t\t\t\t\t<section class=\"elementor-section elementor-top-section elementor-element elementor-element-5ca5ddc elementor-section-boxed elementor-section-height-default elementor-section-height-default\" data-id=\"5ca5ddc\" data-element_type=\"section\" data-e-type=\"section\">\n\t\t\t\t\t\t<div class=\"elementor-container elementor-column-gap-default\">\n\t\t\t\t\t<div class=\"elementor-column elementor-col-33 elementor-top-column elementor-element elementor-element-0c3f53a\" data-id=\"0c3f53a\" data-element_type=\"column\" data-e-type=\"column\">\n\t\t\t<div class=\"elementor-widget-wrap elementor-element-populated\">\n\t\t\t\t\t\t<div class=\"elementor-element elementor-element-57fad20 elementor-invisible elementor-widget elementor-widget-image\" data-id=\"57fad20\" data-element_type=\"widget\" data-e-type=\"widget\" data-settings=\"{&quot;_animation&quot;:&quot;fadeInLeft&quot;}\" data-widget_type=\"image.default\">\n\t\t\t\t<div class=\"elementor-widget-container\">\n\t\t\t\t\t\t\t\t\t\t\t\t\t\t\t<img fetchpriority=\"high\" decoding=\"async\" width=\"800\" height=\"800\" src=\"https:\/\/pit.primah.org\/wp-content\/uploads\/2025\/11\/Gemini_Generated_Image_laxhzclaxhzclaxh.png\" class=\"attachment-large size-large wp-image-2446\" alt=\"\" srcset=\"https:\/\/pit.primah.org\/wp-content\/uploads\/2025\/11\/Gemini_Generated_Image_laxhzclaxhzclaxh.png 1024w, https:\/\/pit.primah.org\/wp-content\/uploads\/2025\/11\/Gemini_Generated_Image_laxhzclaxhzclaxh-300x300.png 300w, https:\/\/pit.primah.org\/wp-content\/uploads\/2025\/11\/Gemini_Generated_Image_laxhzclaxhzclaxh-150x150.png 150w, https:\/\/pit.primah.org\/wp-content\/uploads\/2025\/11\/Gemini_Generated_Image_laxhzclaxhzclaxh-768x768.png 768w, https:\/\/pit.primah.org\/wp-content\/uploads\/2025\/11\/Gemini_Generated_Image_laxhzclaxhzclaxh-600x600.png 600w, https:\/\/pit.primah.org\/wp-content\/uploads\/2025\/11\/Gemini_Generated_Image_laxhzclaxhzclaxh-100x100.png 100w\" sizes=\"(max-width: 800px) 100vw, 800px\" \/>\t\t\t\t\t\t\t\t\t\t\t\t\t\t\t<\/div>\n\t\t\t\t<\/div>\n\t\t\t\t\t<\/div>\n\t\t<\/div>\n\t\t\t\t<div class=\"elementor-column elementor-col-33 elementor-top-column elementor-element elementor-element-0b3b9ea\" data-id=\"0b3b9ea\" data-element_type=\"column\" data-e-type=\"column\">\n\t\t\t<div class=\"elementor-widget-wrap elementor-element-populated\">\n\t\t\t\t\t\t<div class=\"elementor-element elementor-element-1030649 elementor-widget elementor-widget-spacer\" data-id=\"1030649\" data-element_type=\"widget\" data-e-type=\"widget\" data-widget_type=\"spacer.default\">\n\t\t\t\t<div class=\"elementor-widget-container\">\n\t\t\t\t\t\t\t<div class=\"elementor-spacer\">\n\t\t\t<div class=\"elementor-spacer-inner\"><\/div>\n\t\t<\/div>\n\t\t\t\t\t\t<\/div>\n\t\t\t\t<\/div>\n\t\t\t\t<div class=\"elementor-element elementor-element-e40721f elementor-invisible elementor-widget elementor-widget-text-editor\" data-id=\"e40721f\" data-element_type=\"widget\" data-e-type=\"widget\" data-settings=\"{&quot;_animation&quot;:&quot;fadeInUp&quot;}\" data-widget_type=\"text-editor.default\">\n\t\t\t\t<div class=\"elementor-widget-container\">\n\t\t\t\t\t\t\t\t\t<h2 style=\"text-align: center;\">Cre\u00ebren met digitale technologie<\/h2>\t\t\t\t\t\t\t\t<\/div>\n\t\t\t\t<\/div>\n\t\t\t\t\t<\/div>\n\t\t<\/div>\n\t\t\t\t<div class=\"elementor-column elementor-col-33 elementor-top-column elementor-element elementor-element-ec759a3\" data-id=\"ec759a3\" data-element_type=\"column\" data-e-type=\"column\">\n\t\t\t<div class=\"elementor-widget-wrap elementor-element-populated\">\n\t\t\t\t\t\t<div class=\"elementor-element elementor-element-4fd14c8 elementor-widget elementor-widget-spacer\" data-id=\"4fd14c8\" data-element_type=\"widget\" data-e-type=\"widget\" data-widget_type=\"spacer.default\">\n\t\t\t\t<div class=\"elementor-widget-container\">\n\t\t\t\t\t\t\t<div class=\"elementor-spacer\">\n\t\t\t<div class=\"elementor-spacer-inner\"><\/div>\n\t\t<\/div>\n\t\t\t\t\t\t<\/div>\n\t\t\t\t<\/div>\n\t\t\t\t<div class=\"elementor-element elementor-element-01fee74 elementor-invisible elementor-widget elementor-widget-text-editor\" data-id=\"01fee74\" data-element_type=\"widget\" data-e-type=\"widget\" data-settings=\"{&quot;_animation&quot;:&quot;fadeInRight&quot;}\" data-widget_type=\"text-editor.default\">\n\t\t\t\t<div class=\"elementor-widget-container\">\n\t\t\t\t\t\t\t\t\t<h1 style=\"text-align: center;\"><em>&#8220;Ik maak digitale producten, deel ze, pas ze aanmet slimme strategie\u00ebn en houd rekening met auteursrechten.&#8221;<\/em><\/h1>\t\t\t\t\t\t\t\t<\/div>\n\t\t\t\t<\/div>\n\t\t\t\t\t<\/div>\n\t\t<\/div>\n\t\t\t\t\t<\/div>\n\t\t<\/section>\n\t\t\t\t<section class=\"elementor-section elementor-top-section elementor-element elementor-element-41f6444 elementor-section-boxed elementor-section-height-default elementor-section-height-default elementor-invisible\" data-id=\"41f6444\" data-element_type=\"section\" data-e-type=\"section\" data-settings=\"{&quot;animation&quot;:&quot;fadeInUp&quot;}\">\n\t\t\t\t\t\t<div class=\"elementor-container elementor-column-gap-default\">\n\t\t\t\t\t<div class=\"elementor-column elementor-col-100 elementor-top-column elementor-element elementor-element-59cefcf\" data-id=\"59cefcf\" data-element_type=\"column\" data-e-type=\"column\">\n\t\t\t<div class=\"elementor-widget-wrap elementor-element-populated\">\n\t\t\t\t\t\t<div class=\"elementor-element elementor-element-1ee6be0 elementor-widget elementor-widget-text-editor\" data-id=\"1ee6be0\" data-element_type=\"widget\" data-e-type=\"widget\" data-widget_type=\"text-editor.default\">\n\t\t\t\t<div class=\"elementor-widget-container\">\n\t\t\t\t\t\t\t\t\t<p>Cre\u00ebren van digitale technologie gaat over het uiten door middel van digitale middelen. Zowel creatieve uitaingen als informatieve uitingen. Daarnaast leren leerlingen ook hoe ze digitale producten het beste kunnen ontwerpen door bijvoorbeeld tussentijds te testen en bij te stellen waar nodig en leren ze rekening te houden met auteursrechten en intellectueel eigendom.\u00a0<\/p><p>De leerlijnen van dit kerndoel zijn &#8220;<strong>Creatief experimenteren met digitale middelen<\/strong>&#8220;, &#8220;<strong>Informatie delen en een boodschap overbrengen<\/strong>&#8220;, &#8220;<strong>Computationele denkstrategi\u00ebn en het ontwerpproces<\/strong>&#8220;, &#8220;<strong>Auteursrechten en bronvermelding<\/strong>&#8220;.\u00a0<\/p>\t\t\t\t\t\t\t\t<\/div>\n\t\t\t\t<\/div>\n\t\t\t\t\t<\/div>\n\t\t<\/div>\n\t\t\t\t\t<\/div>\n\t\t<\/section>\n\t\t\t\t<\/div>\n\t\t","protected":false},"excerpt":{"rendered":"<p>Cre\u00ebren met digitale technologie &#8220;Ik maak digitale producten, deel ze, pas ze aanmet slimme strategie\u00ebn en houd rekening met auteursrechten.&#8221; Cre\u00ebren van digitale technologie gaat over het uiten door middel van digitale middelen. Zowel creatieve uitaingen als informatieve uitingen. Daarnaast leren leerlingen ook hoe ze digitale producten het beste kunnen ontwerpen door bijvoorbeeld tussentijds te [&hellip;]<\/p>\n","protected":false},"author":2,"featured_media":0,"parent":2353,"menu_order":0,"comment_status":"closed","ping_status":"closed","template":"","meta":{"footnotes":""},"class_list":["post-2409","page","type-page","status-publish","hentry"],"_links":{"self":[{"href":"https:\/\/pit.primah.org\/index.php?rest_route=\/wp\/v2\/pages\/2409","targetHints":{"allow":["GET"]}}],"collection":[{"href":"https:\/\/pit.primah.org\/index.php?rest_route=\/wp\/v2\/pages"}],"about":[{"href":"https:\/\/pit.primah.org\/index.php?rest_route=\/wp\/v2\/types\/page"}],"author":[{"embeddable":true,"href":"https:\/\/pit.primah.org\/index.php?rest_route=\/wp\/v2\/users\/2"}],"replies":[{"embeddable":true,"href":"https:\/\/pit.primah.org\/index.php?rest_route=%2Fwp%2Fv2%2Fcomments&post=2409"}],"version-history":[{"count":4,"href":"https:\/\/pit.primah.org\/index.php?rest_route=\/wp\/v2\/pages\/2409\/revisions"}],"predecessor-version":[{"id":2660,"href":"https:\/\/pit.primah.org\/index.php?rest_route=\/wp\/v2\/pages\/2409\/revisions\/2660"}],"up":[{"embeddable":true,"href":"https:\/\/pit.primah.org\/index.php?rest_route=\/wp\/v2\/pages\/2353"}],"wp:attachment":[{"href":"https:\/\/pit.primah.org\/index.php?rest_route=%2Fwp%2Fv2%2Fmedia&parent=2409"}],"curies":[{"name":"wp","href":"https:\/\/api.w.org\/{rel}","templated":true}]}}